*s**3/3 + 2*s**2 - s. Suppose 0 = -o - 12 + 15. Give f(o).
1
Let d = 11 + -12. Let w(f) = -9*f. Determine w(d).
9
Suppose 0 = 4*c - 8. Let g be 10/15*(1 + 2). Let a(t) = -4 - 2*t - 2*t + c + t**g. Determine a(4).
-2
Let c(i) = -2*i**2 + 5*i - 7. Let z = 60 - 55. Determine c(z).
-32
Let a(d) = -d**2 + d + 3. Suppose -3*j = -3*v + 6 + 21, 2*j = 4*v - 30. Let m(f) = f**3 - 7*f**2 + 8*f - 8. Let b be m(v). Give a(b).
-9
Let n(y) = -4*y + 1. Let a(i) = 2 + 2 + i - 7. Let z(j) = -3*j**3 + j**2 - j - 1. Let v be z(-1). Let b be a(v). Determine n(b).
-3
Let o(d) = -d - 2. Let x be 10/(-45) - (-29)/9. Suppose x = -2*p + 15. Suppose 0*l + p = 2*l. Give o(l).
-5
Let i(y) be the first derivative of y**3/3 - y**2 - y - 2. Calculate i(4).
7
Let k(w) = 4*w - 7*w + 5 - w**3 + 6*w**2 + 2*w**3 + 5. Give k(-7).
-18
Let m(n) = -14 - 9*n**2 + 13 + 9*n + 7*n**2. Give m(6).
-19
Let w(l) = -l**3 - 6*l**2 - 5*l + 7. Suppose 6 = 2*i - 26. Suppose v - i = -2*f - f, -5*v + 3*f = -26. Let o = v - 12. Determine w(o).
7
Let r(b) = b**2 - 8*b + 6. Let y = 10 + -13. Let h be (-7)/(-1) + (-6 - y). Determine r(h).
-10
Let v be 3/(-3) - (-4 + 6). Let i(s) = -s**2 + 2. Give i(v).
-7
Let g(q) be the second derivative of -q**5/20 - q**4/4 + q**3 + q**2/2 + 8*q. What is g(-4)?
-7
Let k(i) be the third derivative of -i**7/5040 - i**6/120 - i**5/20 - 5*i**2. Let d(r) be the third derivative of k(r). Calculate d(-3).
-3
Let d = 44 + -40. Let f(p) be the third derivative of -p**2 + 1/60*p**5 + 7/6*p**3 - 1/3*p**d + 0 + 0*p. Determine f(5).
-8
Let s(z) = z - 1. Let q(d) = -8*d + 7. Let b(k) = q(k) + 6*s(k). Let m(c) = -c**3 - 3*c**2 - 2. Let n be m(-3). Determine b(n).
5
Let d(b) = -3*b**2 - 113*b - b**3 + 2*b**3 + 2 + 56*b + 58*b. Give d(2).
0
Let z = -47 + 43. Let x(v) = -6*v - 6. What is x(z)?
18
Let j(z) be the third derivative of z**4/24 + z**3/2 + 2*z**2. Suppose 4*k - x - 27 = 2*k, 13 = k - x. Suppose 3*q + 1 = -k. Determine j(q).
-2
Let x(m) be the third derivative of -m**4/24 + m**3/3 - 2*m**2. Let b be x(2). Let a(u) = -u + 1. Calculate a(b).
1
Suppose -3*w + 8*w = 0. Let k(t) = 2*t - 5. Let r be k(4). Let m(p) = -2*p + 4*p - r*p + 1 + 0*p. What is m(w)?
1
Let w = 1 - 0. Suppose 3*t + w = 5*v, 2*t + 0*t - 1 = 5*v. Let k(j) = -2*j**2 + 2*j + 3. Determine k(t).
-9
Let c(a) = 13*a**3 - 20*a**2 - 28. Let w(k) = 3*k**3 - 5*k**2 - 7. Let j(x) = 2*c(x) - 9*w(x). Calculate j(5).
7
Suppose 0 = -4*v + r + 14, 11 = v + 2*v - r. Let t(u) = 2*u - 1. Calculate t(v).
5
Let x(p) = 3*p - 8. Suppose -2*g + a + 27 = 6*a, -3*a - 21 = -5*g. Determine x(g).
10
Let p(c) = -2*c - 6*c**2 + 3*c + 5*c**2. Let x(a) = -a**2 - 3*a + 1. Let m(w) = 3*p(w) - x(w). Suppose 3*l - 6*l + 16 = -u, -3*u = l + 8. What is m(l)?
-9
Let h(m) = m - 16. Let d be h(15). Let f(a) = -2*a + 1. What is f(d)?
3
Let c(k) = -k**3 + 5*k**2 - 2*k - 4. Suppose 0 = -5*p + 26 - 6. What is c(p)?
4
Let g(z) = -6*z - 6*z**2 + 11*z**2 - 6*z**2. Determine g(-5).
5
Let i = 5 - 0. Suppose -3*f + i*f = 8. Let m(u) = -4 - u**3 + 2*u**3 + f*u + 5*u**2 + 5. What is m(-3)?
7
Let m(a) = -a + 6. Let l be (0/1)/(5 + -2). Let x = l + 5. Let y be x - (0/(-1) - -1). Give m(y).
2
Let m(c) = -5 + 0 - c + 11 + 3. Suppose g = -3*g - 8. Let r = g - -7. Give m(r).
4
Let l(y) be the second derivative of y**7/840 - y**5/60 - y**4/12 + 2*y**3/3 + 5*y. Let w(g) be the second derivative of l(g). Determine w(-2).
-6
Let j(s) be the first derivative of 0*s**2 + 1/360*s**6 + 0*s + 1/6*s**4 + 3 + 1/20*s**5 - 1/3*s**3. Let b(t) be the third derivative of j(t). Give b(-3).
-5
Let g(l) = -l**2 - 4*l - 1. Let m be g(-3). Let a(i) = 1 - 4*i - 2*i**2 - 2*i**m + 3*i**2. What is a(-4)?
1
Let n(i) = -2*i + 3. Suppose -12*q = -17*q. Let g be (-24)/(-4) + q + -1. What is n(g)?
-7
Suppose 4*o - 13 + 29 = 0. Let d(m) = 7*m + 13. Let i(a) = 3*a + 6. Let f(j) = o*d(j) + 9*i(j). Give f(0).
2
Let r(z) = 5*z**2 + z. Let n be r(1). Let u(y) = y**3 - 6*y**2 - 6. Determine u(n).
-6
Let d(f) = -f + 1. Suppose 5 = -u - 2*s, -3*s = -u + s + 25. Let z = -6 + 8. Suppose 1 - u = -z*x. Give d(x).
-1
Let v(a) be the second derivative of -a**4/12 + a**3/2 + a**2/2 + 11*a. What is v(4)?
-3
Let v(c) = c**2 - 15*c + 14. Suppose 2*b = -3 - 5, -3*z = -5*b - 62. Calculate v(z).
0
Let i(p) = -11*p**2 + 2*p - 1. Suppose 0 = 5*h - 10. Suppose h*z + 0 = 2. Determine i(z).
-10
Let z(n) = n**2 + 4*n - 8. Let s(x) = -x - 1. Let o(g) = -2*s(g) + z(g). Determine o(-6).
-6
Let r(y) be the first derivative of -y**3/3 - 6*y**2 - 13*y - 8. Give r(-11).
-2
Let y(s) = 6*s - 1. Let w be (0 - 1)*(-1 + 4). Let i be (w + 2 + 0)*-2. What is y(i)?
11
Suppose 0 = -4*u - 0*c - c - 20, 4*u = c - 12. Let r(s) = 5*s + 3. What is r(u)?
-17
Suppose n + 5 = -0*n. Let g(i) be the third derivative of -i**5/60 - 7*i**4/24 - 7*i**3/6 + 5*i**2. What is g(n)?
3
Let m = 9 + 1. Suppose u = -3*u. Suppose 0*d - 2*d + m = u. Let g(c) = c**2 - 6*c - 1. Determine g(d).
-6
Let o(l) be the third derivative of 3*l**6/20 - l**5/60 + l**4/24 - 2*l**2 - 22*l. Calculate o(1).
18
Let a(o) = -3*o**2 - 5*o + 9. Let r(h) = 8*h**2 + 15*h - 26. Let d(u) = -11*a(u) - 4*r(u). Let y be 0/2 + (-8)/(-2). Give d(y).
1
Suppose 3*k - 15 = -2*h, -3*k - 27 = -2*h - 3*h. Let c(z) = 3 + z - h + 1. Give c(3).
1
Let d(j) be the first derivative of j**4/4 - 4*j**3/3 - 9*j**2/2 + 6*j + 42. Give d(6).
24
Let y(g) = -3*g - 2*g**2 + 3*g**2 - 3*g + 2 - 2*g. What is y(6)?
-10
Let m(n) = n**2 - 6*n + 6. Let u(o) = o**2 + o - 1. Let d be u(2). Calculate m(d).
1
Let r(j) = -9*j**2 + 2*j + 3*j**3 - 4*j**3 + 5*j**2. Calculate r(-3).
-15
Let b(v) = -v**3 - 5*v**2 - 5*v. Let y(k) = k**3 + 5*k**2 + 6*k. Let f(o) = 3*b(o) + 2*y(o). Calculate f(-3).
-9
Let o(x) = 3 + x - 3*x + 2*x**2 + 0*x - x. Suppose -5*q + 25 = 5*t, -4*q = 3*t - 11 - 7. Give o(t).
5
Suppose -1 - 1 = -h. Let o(p) = -h*p - 2*p**2 + 0 - 2 - p. What is o(-3)?
-11
Suppose 0*y + 2*y - 10 = 0. Let m(t) = -t**3 + t**2. Let a = 14 - 16. Let j(w) = -w**3 - 4*w**2 + 8*w - 6. Let s(v) = a*m(v) + j(v). What is s(y)?
9
Let x = -5 - -7. Let g(q) = -x*q**3 - 1 - 3*q - q**3 - 4*q**2 + 10*q**2 + 2*q**3. Suppose d + 0*t = t + 7, -2 = -2*d - 4*t. Give g(d).
9
Suppose -30 + 2 = -7*b. Let v(q) = -2*q**2 + 5 - 3 + q**3 - 2*q**2 - q. What is v(b)?
-2
Suppose -2*i = 4*m - 14, -i + m = 2*i - 14. Let x(h) = h**2 - 5*h - 7. What is x(i)?
-7
Let b(i) = -i - 1. Let h(v) = -5. Let x(l) = -4*b(l) + h(l). Suppose 0 = 96*p - 90*p - 6. Determine x(p).
3
Suppose -4*p = -2*m, 2*p = -p + 2*m. Let j = 4 + p. Let d(v) = -2*v**3 + v + v**3 - j*v**2 - 2 + 2*v**3. Determine d(4).
2
Let n(p) be the second derivative of p**6/720 - p**5/30 + 5*p**4/12 + 4*p. Let o(g) be the third derivative of n(g). Let t = -9 + 4. What is o(t)?
-9
Let m(c) = c**3 + 9*c**2 - c - 12. Suppose 3*f - 36 = 7*f. Determine m(f).
-3
Let s = 18 - 16. Let a(k) = -3*k - k - s*k**2 - k**3 - 4 + 0*k**2 + 3*k. Suppose -3*j + b = 11, 3*b - 7 = j + 2. What is a(j)?
8
Suppose -4*t + 11 = 3. Suppose 5*h + t = -3. Let d(c) = -9*c**3 + 2*c - 5. Let w(z) = -4*z**3 + z - 2. Let x(r) = -2*d(r) + 5*w(r). Calculate x(h).
1
Let h(y) = 4 - y - 5 + 7. Calculate h(6).
0
Let l(a) = a**2 + 5*a - 4. Suppose -2*i = -m + 6*m + 17, 2*i = 4*m + 28. What is l(m)?
-4
Let y = 2 + -6. Let n(x) = -9*x**3 + 19*x**2 + 2*x - 1. Let z(q) = 5*q**3 - 10*q**2 - q + 1. Let j(b) = -6*n(b) - 11*z(b). Determine j(y).
-1
Let x(m) = -4 + m + 3 + 3. Let k be x(1). Let i(n) be the third derivative of n**5/60 + n**3/6 - n**2. Calculate i(k).
10
Let w(u) be the first derivative of 0*u**2 - 1/2*u**4 - u + 3 + 1/3*u**3. Let t = 4 + -5. Determine w(t).
2
Let j(l) = -1 + 1 + 2*l + 0 - 3. Let i be j(2). Let v(g) = 12*g - 1. Give v(i).
11
Let s(v) = -3*v - 41*v**2 + 0 + v + 40*v**2 - 3. Let l(i) = i**3 + 4*i**2 - 3. Let d be l(-4). Calculate s(d).
-6
Let w(b) = b**2 + b - 2. Let z = 62 + -107. Let o be ((-4)/(-6))/((-10)/z). Suppose o*s = -0*s. What is w(s)?
-2
Let m(o) = -6*o**3 + o. Suppose 2*f + 2 = 3*f. Let c be (8 - 5)*f/6. Give m(c).
-5
Let i be ((-40)/60)/((-2)/(-9)). Suppose 4*c = 2 + 6. Let l(n) = 6*n - n**2 + 2 + c*n**2 - n. Give l(i).
-4
Let j(u) = 2 - 2*u + u**2 - 7 + 0. Let g be j(4). Let d(v) = 2*v + 3*v - 2*v - g. What is d(2)?
3
Let h be (-34)/289 - (-132)/(-34). Let v(w) = -w - 8. Determine v(h).
-4
Let s(b) = b**3 - 2*